 = -4*p. Let x be (3/2)/(6/244). What is the remainder when 2/(x/59 - t) is divided by 15?
14
Let c be ((-27)/5)/9 + (-24)/10. Let h = c - -18. Calculate the remainder when 57 is divided by h.
12
Suppose 59 = -8*r + 3. Let a(i) = i**2 + 6*i. Calculate the remainder when a(r) is divided by 1.
0
Suppose -2*h = -3*d - 0*d - 155, 0 = 5*h - 2*d - 371. Let b = 149 - h. Calculate the remainder when b is divided by 11.
10
Suppose -a + 10 = -5*u - 20, 0 = 2*a + 4*u + 10. Suppose a*x - 2*j = 3 + 33, -j - 14 = -2*x. What is the remainder when 28 is divided by x?
4
Let o = 522 + 322. Calculate the remainder when o is divided by 18.
16
Let a = 347 - 225. What is the remainder when a is divided by 63?
59
Let w(i) = 13*i - 75. What is the remainder when w(7) is divided by 15?
1
Let i = -5 - -8. Suppose 10 = -2*a + a + i*b, -5*b = -3*a - 10. Suppose -2*q = 5*g - g - 38, 5*q - a = 0. What is the remainder when 43 is divided by g?
7
Suppose 3*c - 198 = -3*i, 0 = 2*i - i - 2*c - 75. Suppose 19*o - 309 + 43 = 0. Calculate the remainder when i is divided by o.
13
Suppose 0 = b - 0*b + 3*g - 69, 3*b + 2*g = 186. Calculate the remainder when b is divided by 9.
6
Suppose 6 = -2*d + 5*b, -2*b = 3*d - 5*b. Let s = 16 - d. Let v(z) = 10*z**2 - z - 2. Calculate the remainder when v(-2) is divided by s.
12
Suppose -253 - 72 = -5*n. Suppose 0 = 3*u - 5*u + 2*q + 38, 2*u - 5*q - 29 = 0. Calculate the remainder when n is divided by u.
21
Calculate the remainder when ((-10 - -6) + 361 - 6) + -5 is divided by 17.
6
Let p(k) be the third derivative of -23*k**4/24 + 4*k**3/3 - 11*k**2. Calculate the remainder when p(-2) is divided by 19.
16
Let a = -940 + 947. Let z(k) = 53*k + 1. Calculate the remainder when z(1) is divided by a.
5
Let d(w) = w + 4. Let k be d(-3). What is the remainder when -3*k/(-6)*82 + 3 is divided by 17?
10
Suppose 0 = 4*u - 78 - 54. Let m = u - 20. Calculate the remainder when m is divided by 6.
1
Suppose -4*l + 5916 = 13*l. What is the remainder when l is divided by 70?
68
Suppose 2*c = -3*t + 255, 5*c - 5*t = 306 + 269. Calculate the remainder when c is divided by 61.
59
Let n(k) = 4*k**3 - 3*k**2 + 2*k. Let f(l) = -l**3 + 5*l**2 - l + 7. Let d be f(5). What is the remainder when 119 is divided by n(d)?
23
Let x(w) = w**2 - 6*w + 2. Let d be x(6). Suppose z - 6 = -5*p + 21, 4 = -3*z + d*p. Suppose 0 = z*v + v - 111. What is the remainder when v is divided by 10?
7
Suppose -2*i - r + 662 = 0, 0*r = 5*i + 2*r - 1655. Let b = -236 + i. What is the remainder when b is divided by 16?
15
Suppose 5*m = -3*t + 258, m + 0*m - 46 = -2*t. Let r be 14/4 - (-5)/(-10). Let j(l) = l**3 - 3*l + 1. What is the remainder when m is divided by j(r)?
16
Let f(p) be the second derivative of -p**4/12 - p**3/6 + 3*p**2 - 12*p. Calculate the remainder when 15 is divided by f(0).
3
Let f(z) = -5*z - 42. Calculate the remainder when 1219 is divided by f(-11).
10
Let o(a) = 5*a**2 - a - 1. What is the remainder when o(-3) is divided by 2 - (2 + -16 - -7)?
2
Calculate the remainder when 1356/5*(-40)/(-24) is divided by 23.
15
Let f(p) = p**3 + 10*p**2 + 2*p - 10. Suppose -5*s = 0, -4*s + 2290 - 750 = 4*x. Suppose -16*b = -x - 111. What is the remainder when f(-7) is divided by b?
30
Suppose 0 = 2*c + 2*z - 50, -45 - 50 = -5*c + z. What is the remainder when (-312)/14*(-203)/58 is divided by c?
18
Let t be 2*-4*(-4)/16. Let i be (-32 - 5) + (-6)/t. Let m = 43 + i. What is the remainder when 10 is divided by m?
1
Let w(q) = 104*q - 28. What is the remainder when w(3) is divided by 11?
9
Let t(w) = -w**3 + w**2 + 34*w + 69. Suppose -p = -4*p + 51. What is the remainder when t(-6) is divided by p?
15
Let b(v) = 2*v**3 + 5*v - 21. What is the remainder when b(4) is divided by 53?
21
Let d(m) = 4*m**2 + 32*m + 14. Calculate the remainder when 147 is divided by d(-9).
47
Suppose -20*j + 18*j - 232 = 0. Calculate the remainder when 2 is divided by (j/203)/((-2)/7).
0
Let i = 33 - -52. What is the remainder when i is divided by 18?
13
Calculate the remainder when (-9 - (-352)/40) + 112/10 is divided by 6.
5
Suppose -74*b - 144 = -83*b. Calculate the remainder when 21 is divided by b.
5
Suppose -14*j = -j - 416. Calculate the remainder when 351 is divided by j.
31
Suppose -13*a = -14*a + 148. Calculate the remainder when a is divided by 51.
46
Suppose 3*i = 8*i. Suppose i = p - 9 + 26. Let l = p + 27. What is the remainder when l is divided by 6?
4
Suppose -4*b + 0*x - 5*x = -70, -5*x - 110 = -5*b. What is the remainder when 299 is divided by b?
19
Let n = 254 + -225. What is the remainder when 139 is divided by n?
23
What is the remainder when 105 is divided by (-168)/56*(-74)/6?
31
Suppose 34 = p - z, -z + 5*z = -8. Let x(t) = -t**3 - 6*t**2 - 4*t - 7. Suppose 5 = -3*u - 13. What is the remainder when p is divided by x(u)?
15
Let g = 66 + 15. Suppose t + 2*t - g = 0. Suppose t = 5*z - 3. What is the remainder when z is divided by 4?
2
Let p(g) = g**2 + 6*g + 12. Calculate the remainder when p(-10) is divided by 4/12*27*2.
16
Suppose -12*p + 126 - 54 = 0. Calculate the remainder when (-26)/(-4)*(11 + -5) is divided by p.
3
Calculate the remainder when 85 is divided by 4*7/(-28) - -1*19.
13
Suppose -175 - 490 = -5*c. Suppose -2*v - 7 = -c. What is the remainder when v is divided by 16?
15
Let p = -5 + 7. Suppose 0 = p*h + 25 - 93. Suppose 0 = 3*w + 2*w - 325. What is the remainder when w is divided by h?
31
Suppose 4*g = -1 + 57. What is the remainder when 23 is divided by g?
9
Let q = -33 + 61. Let p be 2 + (-11)/(2 + -1). Let o = q + p. Calculate the remainder when 36 is divided by o.
17
Let k(n) = 2*n**2 + 3*n - 9. Let g be k(-4). Suppose -g*o - 46 = -13*o. What is the remainder when 89 is divided by o?
20
Let g(x) = -3*x - 7. Let k be g(-3). Suppose 4*y = -k*u + 546, 0 = -2*y + 4*y - 10. What is the remainder when u is divided by 53?
51
Suppose 5*i + 48 = 323. Suppose 13*k - 44 - 68 = -3*k. Calculate the remainder when i is divided by k.
6
Suppose 69 + 26 = 19*o. Let t = -3 + 6. Suppose w = -x + 6, t*w + 4 - 28 = -x. What is the remainder when w is divided by o?
4
Let o(t) = -t**2 - 18*t - 34. Calculate the remainder when 174 is divided by o(-15).
9
Let n be (-28)/20*-19 + (-2)/(-5). Suppose o - 11 - n = -3*i, -3*i - 172 = -5*o. Calculate the remainder when o is divided by 19.
16
Let z(g) = g**3 + 6*g**2 + 5*g + 1. Let d be z(-5). Let a = 1 - d. Suppose -5*n + 30 = -a*n. What is the remainder when 11 is divided by n?
5
Let v = -6 - -38. Calculate the remainder when v is divided by 12.
8
Let h = -120 + 157. Let n = -2 + 15. What is the remainder when h is divided by n?
11
Let p be (-145)/(-2) - (-63)/42. Suppose -5*j - 4*c + 100 = 0, -6 = -4*j + 2*c + p. What is the remainder when j is divided by 11?
9
Let o = -1463 + 1987. Calculate the remainder when o is divided by 31.
28
Suppose -876 = -417*q + 405*q. Calculate the remainder when q is divided by 28.
17
Let h = 560 - 453. Calculate the remainder when 311 is divided by h.
97
Let i = 584 - 556. Suppose 0 = -3*w + 5*m + 25, 5*m + 4 = -2*w - 21. Let o(p) = p**3 - p + 83. What is the remainder when o(w) is divided by i?
27
Let g(a) = a**3 - 7*a**2 - 2*a + 13. Calculate the remainder when g(8) is divided by 36.
25
Let c(x) = x**2 - 17*x + 207. Calculate the remainder when c(0) is divided by 15.
12
Let b(m) = m + 2. Let g(d) = 2*d**3 - 2*d**2 + 6*d + 7. Calculate the remainder when g(2) is divided by b(5).
6
Suppose a + 51 + 38 = -2*m, 0 = 4*m + 5*a + 187. Let g be 915/9 + 4/(-6). Let j = g + m. Calculate the remainder when j is divided by 15.
13
Calculate the remainder when (-40)/(-8) + 6 + 328 is divided by 43.
38
Let w = 28 - 26. Suppose 5*t - w*i = -10, 4*i = -8 + 28. Suppose p - s - 35 + 0 = t, 0 = 3*p + 2*s - 130. Calculate the remainder when p is divided by 11.
7
Suppose -365 = -13*y - 183. Suppose -b = 5*t - 68 + 333, -3*t - 5*b - 137 = 0. Let m = -17 - t. What is the remainder when m is divided by y?
9
Suppose 0 = 4*g - 3 - 41. Let u = -7 + g. Suppose -w + v + 16 = 0, -16*w + 21*w - 4*v = 75. What is the remainder when w is divided by u?
3
Let j = 43 - 37. Suppose j*a = 10*a - 76. Calculate the remainder when 37 is divided by a.
18
Let d = -17 - -33. Calculate the remainder when ((-156)/(-14))/((-5)/(-35)) is divided by d.
14
Su